- 3*l - 1. Suppose -a*b + 6 = -0. What is the remainder when h is divided by b?
0
Suppose 5*u - 3*q = -26, 0*u - u + 3*q + 2 = 0. Let k(a) = -2*a**2 - 16*a - 13. Suppose 0 = -4*f - 0*f + 12. What is the remainder when f is divided by k(u)?
0
Let w(b) = -2*b**2 + 34*b - 53. Calculate the remainder when 468 is divided by w(12).
66
Let t(r) = -2*r**2 + 2*r + 5. Let z be t(-3). Let n = 23 + z. What is the remainder when 11 is divided by n?
3
Let o(m) = 9*m - 9. Suppose x = -2*a + 15, -2*a + 4*x - 15 = -a. Let w be 8 + -4 + 1*a. What is the remainder when o(w) is divided by 25?
22
Let v(q) = -3*q - 14. Let b be v(-6). Suppose -5*o + 125 = 5*r, b*r - 6*r + 4 = 0. Suppose 2*u = 48 + 42. What is the remainder when u is divided by o?
22
Let k(p) = p**2 + 7*p + 5. Let m be k(-6). Let o be (-11)/(44/(-1176)) - m. Suppose o = 2*v + 3*v. What is the remainder when v is divided by 15?
14
Suppose 55*g - 2604 = 24*g. What is the remainder when 153 is divided by g?
69
Suppose -t + 23 = 4*r, 3*r = 5*t + 4*r - 77. What is the remainder when 176 is divided by t?
11
Let r(i) = i**2 - 2*i - 5. Suppose l = 2*l + 4. Suppose 3*a + 5*v - 35 = 0, 2*a + 5*v = 13 + 12. Calculate the remainder when r(l) is divided by a.
9
Let d(n) = -97*n - 321. Calculate the remainder when 114 is divided by d(-4).
47
Let b(t) = t**2 + 11*t + 11. Suppose 12*q = 14*q + 18. Let p be b(q). Let k(r) = r + 10. Calculate the remainder when 3 is divided by k(p).
0
Let x = -1323 + 1340. What is the remainder when 233 is divided by x?
12
Let c(r) = 2*r**2 - 5*r - 2. What is the remainder when 509 is divided by c(-2)?
13
Let v = 29 + -31. What is the remainder when 44/10 + (-7)/((-35)/v) is divided by 1?
0
Let t(k) = k**2 + 11*k - 206. Let x(d) = d + 93. What is the remainder when x(0) is divided by t(10)?
1
Let b(i) = i**2 + 13*i + 12. Let n be b(-11). Suppose -2*a + 11 = -127. What is the remainder when a is divided by ((-6)/n)/(2/60)?
15
Let m = 213 + 19. Calculate the remainder when m is divided by 49.
36
Suppose -2*v - 3*i + 6*i + 80 = 0, -5*i = 0. What is the remainder when 71 is divided by v?
31
Suppose -4*m + 57 = -99. Suppose -m*z = -35*z - 176. Calculate the remainder when z is divided by 12.
8
Let g(q) = 2*q - 45. Let o be g(27). Suppose -4*f = -i + 31, -2*i + 5*f = -56 + o. What is the remainder when 41 is divided by i?
8
Suppose -3*g + b = -2*g - 29, -4*g - 3*b + 116 = 0. Let d = g - 4. What is the remainder when d is divided by 14?
11
Suppose 0 = -2*f + 3*q - 5, 0 = 4*f - 3*q + 1. What is the remainder when -106*(-3)/(-15)*(-5)/f is divided by 11?
9
Let h(o) = -11*o - 117. What is the remainder when h(-17) is divided by 9?
7
Suppose -18*z = 893 - 3287. Let t = z - 112. What is the remainder when 209 is divided by t?
20
Suppose -3*x + 244 = x - 2*o, 5*x = 4*o + 305. Let c = -401 + 703. Calculate the remainder when c is divided by x.
58
Suppose -2*l + 40 = -5*k + k, 3*l - 2*k - 48 = 0. Calculate the remainder when 64 is divided by l.
8
Suppose 31*q = -13*q + 1408. What is the remainder when 381 is divided by q?
29
Let g = 12 - 2. Suppose 0 = 3*y + 3, p + 4*y - 8 = 5*y. Calculate the remainder when g is divided by p.
3
Let n = 1025 + -850. Calculate the remainder when n is divided by 34.
5
Let l(a) = 24*a**2 + 25*a - 4. Calculate the remainder when 272 is divided by l(-3).
135
Calculate the remainder when 1998/25 - (-134)/1675 is divided by 22.
14
Let l = 95 + -91. Suppose -l*m = -2*m - 96. Calculate the remainder when m is divided by 17.
14
Suppose 0*z + 3*z + m = 24, 4*z - 2*m - 22 = 0. Let s(k) = 2*k - 9. Let y be s(-4). Let h = y - -21. Calculate the remainder when z is divided by h.
3
Let h be 2 - ((-2)/6 + (-16)/24). Suppose 3*c + 278 = 4*p, -h*p + p + c = -138. Calculate the remainder when p is divided by 26.
16
Suppose -5*r + 5*v = -77 - 13, 3*r + 4*v - 26 = 0. Calculate the remainder when 26 is divided by r.
12
Let t(c) = -c**3 - 2*c**2 + 5*c. Let s(h) = -h - 60. Let q be s(-11). What is the remainder when 7/2*(-476)/q is divided by t(-4)?
10
Let y = 14 - 14. Suppose -5*u + 10 = 0, y*h = -5*h - u + 22. What is the remainder when 9 is divided by h?
1
Suppose 2*b = 7*b - 80. Calculate the remainder when (570/(-133))/(4/(-28)) is divided by b.
14
Let v = -92 - -119. What is the remainder when 91 is divided by v?
10
Let s(d) = d**2 + 6*d. Let n be s(-6). Suppose n = 4*f - 1 - 19. Let k(u) = -u**3 + 5*u**2 + 4*u + 5. What is the remainder when 98 is divided by k(f)?
23
Let u(c) = -4*c**2 + 1 + 5*c**2 + 6*c - 3*c. What is the remainder when u(5) is divided by 14?
13
Let g be (4/5)/((-2)/(-5)). Suppose -4*i + 34 = -z + 2*z, 4*i = -g*z + 60. Let l = 21 - 7. What is the remainder when z is divided by l?
12
Let p(h) = 44*h - 557. Calculate the remainder when 597 is divided by p(13).
12
Let r(b) = -5*b - 5. Let k be r(-4). Suppose l - 3 = -2*l. Calculate the remainder when ((-10)/k)/((-4)/6) is divided by l.
0
Suppose r - 24 = -3*g, 2*r + 3*g - 38 = -g. Suppose -r*x = -3*x - 138. Calculate the remainder when x is divided by 13.
10
Let m(c) = c + 19. Suppose 4*b = -20 + 92. Calculate the remainder when m(14) is divided by b.
15
Suppose 190 - 878 = -4*j. What is the remainder when j is divided by 84?
4
Suppose -116*g = -123*g + 294. Calculate the remainder when 97 is divided by g.
13
Let r(f) = 5*f + 7. Let a be r(-1). Suppose -3*i = -4*g + 185, 4*g + a*i - 156 = 34. What is the remainder when g is divided by 18?
11
Suppose 0 = 20*b - 19*b - 3. Let f(i) = 4*i**2 + 7*i + 6. What is the remainder when f(b) is divided by 13?
11
Suppose 4*d = -d + d. Suppose -4*r + 5*y + 97 = d, 3*y = -5 + 2. Calculate the remainder when r is divided by 5.
3
Let l = 7 - -41. Suppose 3*u = u - 4*a + l, a = 2. What is the remainder when 57 is divided by u?
17
Let t(b) = b**2 - 2*b + 2. Let w be t(-6). Let s = 26 + w. Calculate the remainder when s is divided by 20.
16
Let y = -682 - -1186. Calculate the remainder when y is divided by 22.
20
Let w = -11 - -11. Suppose w = -6*n + 2*n + 12. Calculate the remainder when 4 is divided by n.
1
Suppose -3*r = -2*i + 18, i + 3*r = -i + 30. Suppose 2*c + 12 = 3*t - 14, -3*c - i = 0. Suppose t = 3*j - 0*j. Calculate the remainder when 3 is divided by j.
1
Let y = -69 - -186. Suppose -5*p + 2*p = -y. What is the remainder when p is divided by 21?
18
Let y = 3193 + -2151. Calculate the remainder when y is divided by 19.
16
Let g be 35/4*(3 + -4)*-40. Suppose 2*o - g = 2*x, -6*o - 5*x + 895 = -o. Calculate the remainder when o is divided by 20.
17
Let i = 59 + -26. Let x(v) = 13*v**2 - 1 + v**3 - 7*v**2 + 4*v + 3. Calculate the remainder when i is divided by x(-4).
15
Let q(t) = 2*t**2 - t - 51. What is the remainder when 152 is divided by q(7)?
32
Let m(s) = -s**2 - 22*s - 103. What is the remainder when 26 is divided by m(-9)?
12
Suppose 9 = 2*f - 11. Calculate the remainder when ((-106)/4)/(f/(-20)) is divided by 19.
15
Suppose -3*f + 28 = v, 5*f = 5*v - 3*v - 100. Calculate the remainder when v is divided by 37.
3
Let i(a) = -a**3 + 1. Let z(q) = -3*q**2 - 7*q + 14. Let l(b) = -2*i(b) + z(b). Calculate the remainder when l(5) is divided by 39.
35
Suppose -2*t + 42 = 4*j - j, 2*t - j - 26 = 0. Calculate the remainder when (-810)/(-15) - (13 - 2) is divided by t.
13
Suppose 6*u + 90 = 11*u. Let b(d) = d**3 - 8*d**2 + 17*d + 3. What is the remainder when b(6) is divided by u?
15
Suppose 17*k = 96 + 57. What is the remainder when 268 is divided by k?
7
Let l(d) = 4*d**2 - 11*d + 32. Calculate the remainder when l(7) is divided by 16.
7
Let s be 2 + -3 - 1*-119. Let c = s - 51. What is the remainder when c is divided by (-3)/(3*(-2)/68)?
33
Let q(v) = -3*v**3 - 5*v**2 + 9*v + 6. Calculate the remainder when q(-5) is divided by 107.
104
Suppose 33*i = 27*i + 624. What is the remainder when i is divided by 7?
6
Suppose 3*y - 2 - 10 = 0. Let u be (-14)/(0/(-4) - -2). Let f = u + 21. Calculate the remainder when f is divided by y.
2
Suppose 121 = -f + 2*n, -653 = 5*f + n + n. Let j = -76 - f. Calculate the remainder when j is divided by 27.
26
Let v(t) = -t**3 + 11*t**2 + t - 8. Let b be v(11). Let q(a) = 12 + 0 - 1 - a + b. What is the remainder when 25 is divided by q(0)?
11
Let j(z) = -z**3 - 9*z**2 + 11*z + 16. Let r be j(-10). Suppose t - r = -2. What is the remainder when 